--
-- Structure de la table `artists`
--

CREATE TABLE IF NOT EXISTS `artists` (
  `id` int(3) unsigned NOT NULL AUTO_INCREMENT,
  `lastname` varchar(100) NOT NULL,
  `firstname` varchar(100) NOT NULL,
  PRIMARY KEY (`id`),
  KEY `Pseudo` (`lastname`,`firstname`)
) ENGINE=MyISAM  DEFAULT CHARSET=utf8 AUTO_INCREMENT=16 ;

--
-- Contenu de la table `artists`
--

INSERT INTO `artists` (`id`, `lastname`, `firstname`) VALUES
(1, 'Cook', 'Brian'),
(2, '', 'Faunesque'),
(3, 'Constantinesco', 'Philippe'),
(4, 'Gemmell', 'Rich'),
(5, '', 'Choppingtools'),
(6, 'Dallas', 'Bobb'),
(7, 'Roset', 'Conrad'),
(8, 'Matutina', 'Dan'),
(9, 'Brown Thornton', 'Hollis'),
(10, 'Fenollar', 'Irene'),
(14, 'Shilling', 'William'),
(13, 'Bolivar', 'Ana'),
(15, 'Sponge', 'Bob');

-- --------------------------------------------------------

--
-- Structure de la table `categories`
--

CREATE TABLE IF NOT EXISTS `categories` (
  `id` int(2) unsigned NOT NULL AUTO_INCREMENT,
  `name` varchar(45) NOT NULL,
  `meta_title` varchar(150) DEFAULT NULL,
  `meta_description` text,
  `created` datetime NOT NULL,
  `modified` datetime NOT NULL,
  PRIMARY KEY (`id`)
) ENGINE=MyISAM  DEFAULT CHARSET=utf8 AUTO_INCREMENT=3 ;

--
-- Contenu de la table `categories`
--

INSERT INTO `categories` (`id`, `name`, `meta_title`, `meta_description`, `created`, `modified`) VALUES
(1, 'Illustration', 'Illustration', 'Illustration', '2011-10-24 12:42:40', '2011-10-24 12:44:45'),
(2, 'Photographie', 'Photographie', 'Photographie', '2011-10-24 12:46:19', '2011-10-24 12:46:26');

-- --------------------------------------------------------

--
-- Structure de la table `contacts`
--

CREATE TABLE IF NOT EXISTS `contacts` (
  `id` int(11) NOT NULL AUTO_INCREMENT,
  `user_id` int(11) NOT NULL,
  `admin_id` int(11) NOT NULL,
  `name` varchar(150) NOT NULL,
  `email` varchar(150) NOT NULL,
  `subject` varchar(150) NOT NULL,
  `message` text NOT NULL,
  `created` datetime NOT NULL,
  PRIMARY KEY (`id`)
) ENGINE=MyISAM  DEFAULT CHARSET=latin1 AUTO_INCREMENT=10 ;

--
-- Contenu de la table `contacts`
--

INSERT INTO `contacts` (`id`, `user_id`, `admin_id`, `name`, `email`, `subject`, `message`, `created`) VALUES
(1, 0, 0, 'Test Inconnue', 'test@inconnue.com', 'ProblÃ¨me technique', 'tz\r\n', '2011-11-24 21:56:05'),
(2, 2, 0, 'Steven', 'steven.titren@gmail.com', 'Achat', 'Test Steven', '2011-11-24 21:56:38'),
(3, 2, 1, 'test client1', 'client1@client.com', 'Achat', 'Proin diam diam, porta et varius sit amet, pellentesque sed magna. Suspendisse risus libero, suscipit sed auctor id, blandit ac orci. Maecenas volutpat.', '2011-11-24 23:11:37'),
(5, 102, 0, 'BOB', 'contact@emob.fr', 'ProblÃ¨me technique', 'vive les frites', '2011-11-27 17:15:08'),
(9, 2, 1, 'Steven', 'steven.titren@gmail.com', 'Achat', 'test bo 3', '2011-11-28 16:41:19');

-- --------------------------------------------------------

--
-- Structure de la table `newsletters`
--

CREATE TABLE IF NOT EXISTS `newsletters` (
  `id` int(11) NOT NULL,
  `email` varchar(150) NOT NULL,
  PRIMARY KEY (`id`)
) ENGINE=MyISAM DEFAULT CHARSET=utf8;

--
-- Contenu de la table `newsletters`
--

INSERT INTO `newsletters` (`id`, `email`) VALUES
(1, 'noah.thomas@coachs-sportifs.com'),
(2, 'lucas.noa@sibaratos.com'),
(3, 'victor.pierre@exporters.fr'),
(4, 'yanis.hugo@conseils-achat.net'),
(5, 'simon.elisa@jetblack.eu'),
(6, 'oscar.louis@mutuelle.so premium domain'),
(7, 'lea.gabriel@detecteuraideconduite.fr'),
(8, 'heloise.alexandre@jpop.fr'),
(9, 'adam.maxime@futur-president.fr'),
(10, 'lucas.joseph@ùhren.com'),
(11, 'adele.baptiste@forexs.fr'),
(12, 'heloise.sarah@bien-reussir.fr'),
(13, 'emma.elisa@coachs-sportifs.com'),
(14, 'baptiste.nathan@equilibre-alimentaire.com'),
(16, 'lola.heloise@Ippo.fr'),
(17, 'jules.sacha@anuncios.asia'),
(18, 'adrien.joseph@placer-argent.fr'),
(19, 'clemence.lou@polen.eu.com'),
(20, 'lola.sacha@1b.tel'),
(21, 'adele.samuel@1b.tel'),
(22, 'maya.heloise@fanpages.fr'),
(23, 'martin.noa@ùhren.com'),
(24, 'lea.lina@louer-voitures.net'),
(25, 'raphael.maya@bien-reussir.fr'),
(26, 'noe.alix@detecteuraideconduite.fr'),
(27, 'alix.maxence@futur-president.fr'),
(28, 'jeanne.simon@pour100.com'),
(29, 'gabrielle.margot@assistantconduite.com'),
(30, 'paul.lea@detecteuraideconduite.fr'),
(31, 'victoire.benjamin@exporters.fr'),
(32, 'manon.noemie@futur-president.fr'),
(33, 'samuel.jade@femmehomme.net'),
(34, 'jeanne.raphael@pour100.com'),
(35, 'amine.alexandre@erde.de.com'),
(36, 'valentin.gabrielle@voter-a-droite.com'),
(37, 'gabrielle.noe@polen.eu.com'),
(38, 'timothee.enzo@bien-reussir.fr'),
(39, 'maya.manon@faceglat.co'),
(40, 'enzo.martin@forexs.fr'),
(41, 'lucas.paul@manger-equilibre.fr'),
(42, 'mohamed.martin@voter-a-droite.com'),
(43, 'lucie.aaron@mutuelle.eu.com'),
(44, 'amine.paul@femmehomme.net'),
(45, 'gaspard.lou@louer-voitures.net'),
(46, 'noa.arthur@toucher-indemnites.com'),
(47, 'jade.anais@exporters.fr'),
(48, 'chloe.eva@anuncios.asia'),
(49, 'martin.sarah@world-us.com'),
(50, 'nina.paul@dramas.fr'),
(51, 'nina.mathilde@voter-ps.com'),
(52, 'lucas.clemence@fanpages.fr'),
(53, 'rose.lina@coachs-personnels.com'),
(54, 'elise.adrien@twitt.so'),
(55, 'lina.noah@lookingo.info'),
(56, 'nina.louise@biens-a-vendre.net'),
(57, 'benjamin.mohamed@visualkei.fr'),
(58, 'maya.manon@faceglat.co'),
(59, 'enzo.theo@polen.eu.com'),
(60, 'clara.adrien@groupons.so'),
(61, 'heloise.lucie@toucher-indemnites.com'),
(62, 'alexis.amine@detecteuraideconduite.fr'),
(63, 'lucas.oscar@world-us.com'),
(64, 'raphael.hugo@faceglat.de'),
(65, 'alexis.benjamin@dramas.fr'),
(66, 'martin.alix@spel.eu.com'),
(67, 'maxence.aaron@mutuelle.so premium domain'),
(68, 'anais.adrien@coachs-sportifs.com'),
(69, 'sarah.charlotte@maisons-a-louer.net'),
(70, 'eva.noah@manger-equilibre.fr'),
(71, 'ines.amine@preservatif.biz'),
(72, 'alexandre.baptiste@pour100.com'),
(73, 'pierre.paul@la4g.info'),
(74, 'emma.lou@Ippo.fr'),
(75, 'lola.jade@assistantconduite.com'),
(76, 'oscar.martin@ühren.com'),
(77, 'oscar.lou@mutuelle.eu.com'),
(78, 'maxence.oscar@louer-voitures.net'),
(79, 'baptiste.theo@1b.tel'),
(80, 'alexis.adele@femmehomme.net'),
(81, 'marie.camille@lookingo.co'),
(82, 'romane.margaux@maisons-a-louer.net'),
(83, 'anais.alexis@mutuelle.so premium domain'),
(84, 'elise.alix@mutuelle.so premium domain'),
(85, 'nina.hugo@Ippo.fr'),
(86, 'elise.augustin@gagner-sa-vie.fr'),
(87, 'timothee.elisa@voter-parti-socialiste.com'),
(88, 'rayan.noe@voter-a-gauche.com'),
(89, 'thomas.elisa@femmehomme.net'),
(90, 'mohamed.jade@spel.eu.com'),
(91, 'ines.louis@pour100.com'),
(92, 'mathis.amine@placer-argent.fr'),
(93, 'ines.victor@twitt.so'),
(94, 'adam.elise@1b.tel'),
(95, 'noemie.samuel@fanpages.fr'),
(96, 'ethan.jade@biens-a-vendre.net'),
(97, 'timothee.augustin@lookingo.co'),
(98, 'lola.alexandre@1b.tel'),
(99, 'benjamin.ines@world-us.com'),
(100, 'lina.charlotte@equilibre-alimentaire.com'),
(101, 'zoe.gabrielle@twitt.so'),
(102, 'yanis.maxence@twitt.so'),
(103, 'adrien.raphael@exporters.fr'),
(104, 'raphael.raphael@ühren.com'),
(105, 'lucas.rayan@assistantconduite.com'),
(106, 'lea.alexandre@voter-ump.com'),
(107, 'pierre.sarah@k-pop.fr'),
(108, 'baptiste.timothee@forum2.fr'),
(109, 'lea.clara@jpop.fr'),
(110, 'ethan.maxime@1b.tel'),
(111, 'maxime.valentin@preservatif.biz'),
(112, 'alice.adele@top-investissement.com'),
(113, 'chloe.amine@futur-president.fr'),
(114, 'lola.yanis@manger-equilibre.fr'),
(115, 'charlotte.heloise@futur-president.fr'),
(116, 'timothee.yanis@forum2.fr'),
(117, 'lou.nathan@faceglat.co'),
(118, 'clemence.anais@pour100.com'),
(119, 'oscar.chloe@world-us.com'),
(120, 'victor.valentin@1b.tel'),
(121, 'margot.axel@hommefemme.org'),
(122, 'timothee.lisa@groupons.so'),
(123, 'timothee.lola@visualkei.fr'),
(124, 'oscar.noe@sibaratos.com'),
(125, 'jules.anna@ùhren.de'),
(126, 'lucie.zoe@polen.eu.com'),
(127, 'theo.maxime@exporters.fr'),
(128, 'raphael.arthur@jê.com'),
(129, 'lucas.alix@mutuelle.eu.com'),
(130, 'mathilde.amine@coachs-sportifs.com'),
(131, 'adele.jeanne@biens-a-vendre.net'),
(132, 'marie.antoine@maisons-a-louer.net'),
(133, 'paul.baptiste@faceglat.co'),
(134, 'pierre.clara@equilibre-alimentaire.com'),
(135, 'timothee.amine@biens-a-vendre.net'),
(136, 'sacha.maxime@visualkei.fr'),
(137, 'arthur.jeanne@voter-a-droite.com'),
(138, 'noe.simon@mutuelle.eu.com'),
(139, 'rose.lola@mountains.so'),
(140, 'manon.lisa@mountains.so'),
(141, 'axel.clara@ühren.com'),
(142, 'emma.zoe@la4g.info'),
(143, 'samuel.elise@spel.eu.com'),
(144, 'simon.adele@voter-ump.com'),
(145, 'chloe.lina@preservatif.biz'),
(146, 'lou.lina@coachs-sportifs.com'),
(147, 'lea.paul@voter-a-gauche.com'),
(148, 'jean.yanis@spel.eu.com'),
(149, 'marie.emma@voter-ump.com');

-- --------------------------------------------------------

--
-- Structure de la table `orders`
--

CREATE TABLE IF NOT EXISTS `orders` (
  `id` int(10) unsigned NOT NULL AUTO_INCREMENT,
  `user_id` int(10) unsigned NOT NULL,
  `total` float(5,2) NOT NULL,
  `created` datetime NOT NULL,
  PRIMARY KEY (`id`),
  KEY `Utilisateurs` (`user_id`)
) ENGINE=MyISAM  DEFAULT CHARSET=utf8 AUTO_INCREMENT=15 ;

--
-- Contenu de la table `orders`
--

INSERT INTO `orders` (`id`, `user_id`, `total`, `created`) VALUES
(1, 2, 20.00, '2011-11-21 16:10:34'),
(2, 1, 54.00, '2011-11-21 16:12:22'),
(3, 1, 10.00, '2011-11-21 22:51:20'),
(4, 102, 98.00, '2011-11-27 17:13:40'),
(5, 2, 21.00, '2011-11-28 18:17:04'),
(6, 102, 273.00, '2011-11-28 18:24:01'),
(7, 102, 46.00, '2011-11-28 18:32:32'),
(8, 1, 63.00, '2011-11-28 18:41:51'),
(9, 1, 7.00, '2011-11-28 18:42:29'),
(10, 103, 19.00, '2011-11-28 18:48:47'),
(11, 102, 199.00, '2011-11-28 18:49:20'),
(12, 102, 47.00, '2011-11-28 18:52:21'),
(13, 102, 462.00, '2011-11-28 18:54:42'),
(14, 2, 16.00, '2011-11-28 20:01:38');

-- --------------------------------------------------------

--
-- Structure de la table `orders_products`
--

CREATE TABLE IF NOT EXISTS `orders_products` (
  `id` int(11) NOT NULL AUTO_INCREMENT,
  `order_id` int(10) unsigned NOT NULL,
  `product_id` int(10) unsigned NOT NULL,
  `size` char(1) NOT NULL,
  `price` float(5,2) NOT NULL,
  `qte` int(2) NOT NULL,
  PRIMARY KEY (`id`),
  KEY `Commandes` (`order_id`),
  KEY `Produits` (`product_id`)
) ENGINE=MyISAM  DEFAULT CHARSET=utf8 AUTO_INCREMENT=20 ;

--
-- Contenu de la table `orders_products`
--

INSERT INTO `orders_products` (`id`, `order_id`, `product_id`, `size`, `price`, `qte`) VALUES
(1, 1, 48, 'm', 20.00, 1),
(2, 2, 42, 'l', 30.00, 1),
(3, 2, 29, 's', 10.00, 1),
(5, 3, 48, 's', 10.00, 1),
(6, 4, 44, 'm', 24.00, 1),
(7, 4, 28, 'l', 37.00, 2),
(8, 5, 45, 's', 21.00, 1),
(9, 6, 34, 'l', 91.00, 3),
(10, 7, 45, 'm', 23.00, 2),
(11, 8, 11, 'l', 63.00, 1),
(12, 9, 24, 's', 7.00, 1),
(13, 10, 48, 's', 19.00, 1),
(14, 11, 39, 'm', 11.00, 1),
(15, 11, 1, 'l', 94.00, 2),
(16, 12, 44, 'l', 47.00, 1),
(17, 13, 23, 'l', 66.00, 7),
(18, 14, 31, 's', 9.00, 1),
(19, 14, 47, 's', 16.00, 1);

-- --------------------------------------------------------

--
-- Structure de la table `products`
--

CREATE TABLE IF NOT EXISTS `products` (
  `id` int(10) unsigned NOT NULL AUTO_INCREMENT,
  `name` varchar(150) NOT NULL,
  `artist_id` int(3) unsigned NOT NULL,
  `category_id` int(2) unsigned NOT NULL,
  `price_size_s` float(5,2) unsigned DEFAULT NULL,
  `price_size_m` float(5,2) unsigned DEFAULT NULL,
  `price_size_l` float(5,2) unsigned DEFAULT NULL,
  `image` varchar(100) NOT NULL,
  `description` mediumtext,
  `meta_title` varchar(150) DEFAULT NULL,
  `meta_description` text,
  `created` datetime NOT NULL,
  `modified` datetime NOT NULL,
  PRIMARY KEY (`id`),
  KEY `Artistes` (`artist_id`),
  KEY `Categories` (`category_id`)
) ENGINE=MyISAM  DEFAULT CHARSET=utf8 AUTO_INCREMENT=50 ;

--
-- Contenu de la table `products`
--

INSERT INTO `products` (`id`, `name`, `artist_id`, `category_id`, `price_size_s`, `price_size_m`, `price_size_l`, `image`, `description`, `meta_title`, `meta_description`, `created`, `modified`) VALUES
(1, 'Nacho Libre', 6, 1, 9.00, 24.00, 94.00, 'f80860b7d448c70aa97b3a858cbf4276.jpg', 'Aenean facilisis sollicitudin ante eleifend molestie. Curabitur mi turpis, dignissim non egestas a, imperdiet et turpis. Duis massa metus, lacinia interdum tincidunt porttitor, varius sed lectus. Cras a dui dui, vel venenatis dolor. Morbi ac purus eros. Sed sollicitudin, ante ac pulvinar imperdiet, tellus ligula dictum sem, non vestibulum lacus mi sed risus. Sed ac nibh augue. Quisque quis diam id mauris ullamcorper consectetur vel congue dolor. Ut et nunc in justo pharetra rhoncus non non eros.', 'Bobb DALLAS - Nacho Libre', '', '2011-11-06 16:33:04', '2011-11-22 10:07:40'),
(2, 'Deary', 1, 1, 24.00, 38.00, 87.00, '276f6ebdfb3336d45e7d842e685846d7.jpg', 'Aenean facilisis sollicitudin ante eleifend molestie. Curabitur mi turpis, dignissim non egestas a, imperdiet et turpis. Duis massa metus, lacinia interdum tincidunt porttitor, varius sed lectus. Cras a dui dui, vel venenatis dolor. Morbi ac purus eros. Sed sollicitudin, ante ac pulvinar imperdiet, tellus ligula dictum sem, non vestibulum lacus mi sed risus. Sed ac nibh augue. Quisque quis diam id mauris ullamcorper consectetur vel congue dolor. Ut et nunc in justo pharetra rhoncus non non eros.', '', '', '2011-11-06 16:33:43', '2011-11-22 10:07:40'),
(3, 'Typist', 1, 1, 13.00, 50.00, 67.00, '1dce90730de989ef49b777ca9e395aec.jpg', 'Aenean facilisis sollicitudin ante eleifend molestie. Curabitur mi turpis, dignissim non egestas a, imperdiet et turpis. Duis massa metus, lacinia interdum tincidunt porttitor, varius sed lectus. Cras a dui dui, vel venenatis dolor. Morbi ac purus eros. Sed sollicitudin, ante ac pulvinar imperdiet, tellus ligula dictum sem, non vestibulum lacus mi sed risus. Sed ac nibh augue. Quisque quis diam id mauris ullamcorper consectetur vel congue dolor. Ut et nunc in justo pharetra rhoncus non non eros.', '', '', '2011-11-06 16:34:17', '2011-11-22 10:07:40'),
(4, 'Ampli', 5, 1, 22.00, 25.00, 58.00, '011014509795ee3630004151f19cf5a1.jpg', 'Aenean facilisis sollicitudin ante eleifend molestie. Curabitur mi turpis, dignissim non egestas a, imperdiet et turpis. Duis massa metus, lacinia interdum tincidunt porttitor, varius sed lectus. Cras a dui dui, vel venenatis dolor. Morbi ac purus eros. Sed sollicitudin, ante ac pulvinar imperdiet, tellus ligula dictum sem, non vestibulum lacus mi sed risus. Sed ac nibh augue. Quisque quis diam id mauris ullamcorper consectetur vel congue dolor. Ut et nunc in justo pharetra rhoncus non non eros.', '', '', '2011-11-06 16:34:36', '2011-11-22 10:07:40'),
(5, 'Argh!!', 5, 1, 12.00, 26.00, 36.00, '40817e55183a01888e2515a45a5419e1.jpg', 'Argh!!', '', '', '2011-11-06 16:35:50', '2011-11-22 10:07:40'),
(6, 'Lake', 5, 1, 6.00, 12.00, 15.00, '310aed921fdf67cc8cb9d9040a2387d2.jpg', 'Aenean facilisis sollicitudin ante eleifend molestie. Curabitur mi turpis, dignissim non egestas a, imperdiet et turpis. Duis massa metus, lacinia interdum tincidunt porttitor, varius sed lectus. Cras a dui dui, vel venenatis dolor. Morbi ac purus eros. Sed sollicitudin, ante ac pulvinar imperdiet, tellus ligula dictum sem, non vestibulum lacus mi sed risus. Sed ac nibh augue. Quisque quis diam id mauris ullamcorper consectetur vel congue dolor. Ut et nunc in justo pharetra rhoncus non non eros.', '', '', '2011-11-06 16:36:19', '2011-11-22 10:07:40'),
(7, 'Puaj!!', 5, 1, 17.00, 50.00, 56.00, '02945a6c9b5d1a20a96acbe03861d30b.jpg', 'Aenean facilisis sollicitudin ante eleifend molestie. Curabitur mi turpis, dignissim non egestas a, imperdiet et turpis. Duis massa metus, lacinia interdum tincidunt porttitor, varius sed lectus. Cras a dui dui, vel venenatis dolor. Morbi ac purus eros. Sed sollicitudin, ante ac pulvinar imperdiet, tellus ligula dictum sem, non vestibulum lacus mi sed risus. Sed ac nibh augue. Quisque quis diam id mauris ullamcorper consectetur vel congue dolor. Ut et nunc in justo pharetra rhoncus non non eros.', '', '', '2011-11-06 16:36:48', '2011-11-22 10:07:40'),
(8, 'Muse 13', 7, 1, 19.00, 26.00, 41.00, 'a7defcb6ceeb1091dc00c703133d00b6.jpg', 'Aenean facilisis sollicitudin ante eleifend molestie. Curabitur mi turpis, dignissim non egestas a, imperdiet et turpis. Duis massa metus, lacinia interdum tincidunt porttitor, varius sed lectus. Cras a dui dui, vel venenatis dolor. Morbi ac purus eros. Sed sollicitudin, ante ac pulvinar imperdiet, tellus ligula dictum sem, non vestibulum lacus mi sed risus. Sed ac nibh augue. Quisque quis diam id mauris ullamcorper consectetur vel congue dolor. Ut et nunc in justo pharetra rhoncus non non eros.', '', '', '2011-11-06 16:37:26', '2011-11-22 10:07:40'),
(9, 'Pink Butterfly', 7, 1, 12.00, 32.00, 61.00, '6fd7ec2351bbecdfceedfc20074d8177.jpg', 'Aenean facilisis sollicitudin ante eleifend molestie. Curabitur mi turpis, dignissim non egestas a, imperdiet et turpis. Duis massa metus, lacinia interdum tincidunt porttitor, varius sed lectus. Cras a dui dui, vel venenatis dolor. Morbi ac purus eros. Sed sollicitudin, ante ac pulvinar imperdiet, tellus ligula dictum sem, non vestibulum lacus mi sed risus. Sed ac nibh augue. Quisque quis diam id mauris ullamcorper consectetur vel congue dolor. Ut et nunc in justo pharetra rhoncus non non eros.', '', '', '2011-11-06 16:37:54', '2011-11-22 10:07:40'),
(10, 'for Lunarizen Astronaut', 8, 1, 3.00, 35.00, 92.00, 'fd042d6f60ce47a7cba6bdfb0d5e2ce9.jpg', 'Aenean facilisis sollicitudin ante eleifend molestie. Curabitur mi turpis, dignissim non egestas a, imperdiet et turpis. Duis massa metus, lacinia interdum tincidunt porttitor, varius sed lectus. Cras a dui dui, vel venenatis dolor. Morbi ac purus eros. Sed sollicitudin, ante ac pulvinar imperdiet, tellus ligula dictum sem, non vestibulum lacus mi sed risus. Sed ac nibh augue. Quisque quis diam id mauris ullamcorper consectetur vel congue dolor. Ut et nunc in justo pharetra rhoncus non non eros.', '', '', '2011-11-06 16:38:30', '2011-11-22 10:07:40'),
(11, 'for Lunarizen Landing', 8, 1, 23.00, 33.00, 63.00, '882aa2a9c9ec3fb31c2c40b74e95ded8.jpg', 'Aenean facilisis sollicitudin ante eleifend molestie. Curabitur mi turpis, dignissim non egestas a, imperdiet et turpis. Duis massa metus, lacinia interdum tincidunt porttitor, varius sed lectus. Cras a dui dui, vel venenatis dolor. Morbi ac purus eros. Sed sollicitudin, ante ac pulvinar imperdiet, tellus ligula dictum sem, non vestibulum lacus mi sed risus. Sed ac nibh augue. Quisque quis diam id mauris ullamcorper consectetur vel congue dolor. Ut et nunc in justo pharetra rhoncus non non eros.', '', '', '2011-11-06 16:39:01', '2011-11-22 10:07:40'),
(12, '1 on 1', 8, 1, 2.00, 19.00, 72.00, '0872e5c82b66b3a59cbeab7697067f1e.jpg', 'Aenean facilisis sollicitudin ante eleifend molestie. Curabitur mi turpis, dignissim non egestas a, imperdiet et turpis. Duis massa metus, lacinia interdum tincidunt porttitor, varius sed lectus. Cras a dui dui, vel venenatis dolor. Morbi ac purus eros. Sed sollicitudin, ante ac pulvinar imperdiet, tellus ligula dictum sem, non vestibulum lacus mi sed risus. Sed ac nibh augue. Quisque quis diam id mauris ullamcorper consectetur vel congue dolor. Ut et nunc in justo pharetra rhoncus non non eros.', '', '', '2011-11-06 16:39:41', '2011-11-22 10:07:40'),
(13, 'Avatar', 8, 1, 23.00, 26.00, 60.00, '4f6e0cd1e952dfdccaca93bd9b295f66.jpg', 'Aenean facilisis sollicitudin ante eleifend molestie. Curabitur mi turpis, dignissim non egestas a, imperdiet et turpis. Duis massa metus, lacinia interdum tincidunt porttitor, varius sed lectus. Cras a dui dui, vel venenatis dolor. Morbi ac purus eros. Sed sollicitudin, ante ac pulvinar imperdiet, tellus ligula dictum sem, non vestibulum lacus mi sed risus. Sed ac nibh augue. Quisque quis diam id mauris ullamcorper consectetur vel congue dolor. Ut et nunc in justo pharetra rhoncus non non eros.', '', '', '2011-11-06 16:40:07', '2011-11-22 10:07:40'),
(14, 'Badass Wolf', 8, 1, 24.00, 39.00, 83.00, '6fa159ac4e0fc0a64409c30a7b928b28.jpg', 'Aenean facilisis sollicitudin ante eleifend molestie. Curabitur mi turpis, dignissim non egestas a, imperdiet et turpis. Duis massa metus, lacinia interdum tincidunt porttitor, varius sed lectus. Cras a dui dui, vel venenatis dolor. Morbi ac purus eros. Sed sollicitudin, ante ac pulvinar imperdiet, tellus ligula dictum sem, non vestibulum lacus mi sed risus. Sed ac nibh augue. Quisque quis diam id mauris ullamcorper consectetur vel congue dolor. Ut et nunc in justo pharetra rhoncus non non eros.', '', '', '2011-11-06 16:40:43', '2011-11-22 10:07:40'),
(15, 'Banig', 8, 1, 1.00, 42.00, 68.00, 'ad61a959442a0f4d4380691741c58d90.jpg', 'Aenean facilisis sollicitudin ante eleifend molestie. Curabitur mi turpis, dignissim non egestas a, imperdiet et turpis. Duis massa metus, lacinia interdum tincidunt porttitor, varius sed lectus. Cras a dui dui, vel venenatis dolor. Morbi ac purus eros. Sed sollicitudin, ante ac pulvinar imperdiet, tellus ligula dictum sem, non vestibulum lacus mi sed risus. Sed ac nibh augue. Quisque quis diam id mauris ullamcorper consectetur vel congue dolor. Ut et nunc in justo pharetra rhoncus non non eros.', '', '', '2011-11-06 16:41:05', '2011-11-22 10:07:40'),
(16, 'Big Bad Wolf', 8, 1, 24.00, 44.00, 69.00, '72dd6a02efac7c17df215fd4ea0d9ed1.jpg', 'Aenean facilisis sollicitudin ante eleifend molestie. Curabitur mi turpis, dignissim non egestas a, imperdiet et turpis. Duis massa metus, lacinia interdum tincidunt porttitor, varius sed lectus. Cras a dui dui, vel venenatis dolor. Morbi ac purus eros. Sed sollicitudin, ante ac pulvinar imperdiet, tellus ligula dictum sem, non vestibulum lacus mi sed risus. Sed ac nibh augue. Quisque quis diam id mauris ullamcorper consectetur vel congue dolor. Ut et nunc in justo pharetra rhoncus non non eros.', '', '', '2011-11-06 16:41:39', '2011-11-22 10:07:40'),
(17, 'Connect', 8, 1, 12.00, 23.00, 36.00, '49f8bf5139db861506c07e7d2b9de3f6.jpg', 'Aenean facilisis sollicitudin ante eleifend molestie. Curabitur mi turpis, dignissim non egestas a, imperdiet et turpis. Duis massa metus, lacinia interdum tincidunt porttitor, varius sed lectus. Cras a dui dui, vel venenatis dolor. Morbi ac purus eros. Sed sollicitudin, ante ac pulvinar imperdiet, tellus ligula dictum sem, non vestibulum lacus mi sed risus. Sed ac nibh augue. Quisque quis diam id mauris ullamcorper consectetur vel congue dolor. Ut et nunc in justo pharetra rhoncus non non eros.', '', '', '2011-11-06 16:42:03', '2011-11-22 10:07:40'),
(18, 'Manananggal', 8, 1, 17.00, 31.00, 50.00, '8f4f3a8a0296baaf6c07e08d4751d8f4.jpg', 'Aenean facilisis sollicitudin ante eleifend molestie. Curabitur mi turpis, dignissim non egestas a, imperdiet et turpis. Duis massa metus, lacinia interdum tincidunt porttitor, varius sed lectus. Cras a dui dui, vel venenatis dolor. Morbi ac purus eros. Sed sollicitudin, ante ac pulvinar imperdiet, tellus ligula dictum sem, non vestibulum lacus mi sed risus. Sed ac nibh augue. Quisque quis diam id mauris ullamcorper consectetur vel congue dolor. Ut et nunc in justo pharetra rhoncus non non eros.', '', '', '2011-11-06 16:42:32', '2011-11-22 10:07:40'),
(19, 'Red Hood', 8, 1, 6.00, 30.00, 56.00, '97847eab4d165e23082d755882c11d16.jpg', 'Aenean facilisis sollicitudin ante eleifend molestie. Curabitur mi turpis, dignissim non egestas a, imperdiet et turpis. Duis massa metus, lacinia interdum tincidunt porttitor, varius sed lectus. Cras a dui dui, vel venenatis dolor. Morbi ac purus eros. Sed sollicitudin, ante ac pulvinar imperdiet, tellus ligula dictum sem, non vestibulum lacus mi sed risus. Sed ac nibh augue. Quisque quis diam id mauris ullamcorper consectetur vel congue dolor. Ut et nunc in justo pharetra rhoncus non non eros.', '', '', '2011-11-06 16:42:56', '2011-11-22 10:07:40'),
(20, 'Devil and firemen', 9, 1, 13.00, 48.00, 79.00, 'e90ca2849b9235ed62522e8e5ee28a77.jpg', 'Aenean facilisis sollicitudin ante eleifend molestie. Curabitur mi turpis, dignissim non egestas a, imperdiet et turpis. Duis massa metus, lacinia interdum tincidunt porttitor, varius sed lectus. Cras a dui dui, vel venenatis dolor. Morbi ac purus eros. Sed sollicitudin, ante ac pulvinar imperdiet, tellus ligula dictum sem, non vestibulum lacus mi sed risus. Sed ac nibh augue. Quisque quis diam id mauris ullamcorper consectetur vel congue dolor. Ut et nunc in justo pharetra rhoncus non non eros.', '', '', '2011-11-06 16:43:21', '2011-11-22 10:07:40'),
(21, 'Jo Jo & The Overlook Hotel Wallpaper', 9, 1, 19.00, 49.00, 56.00, 'b0e9110d34ba3094be0613149d6bb341.jpg', 'Aenean facilisis sollicitudin ante eleifend molestie. Curabitur mi turpis, dignissim non egestas a, imperdiet et turpis. Duis massa metus, lacinia interdum tincidunt porttitor, varius sed lectus. Cras a dui dui, vel venenatis dolor. Morbi ac purus eros. Sed sollicitudin, ante ac pulvinar imperdiet, tellus ligula dictum sem, non vestibulum lacus mi sed risus. Sed ac nibh augue. Quisque quis diam id mauris ullamcorper consectetur vel congue dolor. Ut et nunc in justo pharetra rhoncus non non eros.', '', '', '2011-11-06 16:44:13', '2011-11-22 10:07:40'),
(22, 'Tapes', 9, 1, 5.00, 40.00, 87.00, '7482d2f2fc98f10503bdbb2ecc25ed0d.jpg', 'Aenean facilisis sollicitudin ante eleifend molestie. Curabitur mi turpis, dignissim non egestas a, imperdiet et turpis. Duis massa metus, lacinia interdum tincidunt porttitor, varius sed lectus. Cras a dui dui, vel venenatis dolor. Morbi ac purus eros. Sed sollicitudin, ante ac pulvinar imperdiet, tellus ligula dictum sem, non vestibulum lacus mi sed risus. Sed ac nibh augue. Quisque quis diam id mauris ullamcorper consectetur vel congue dolor. Ut et nunc in justo pharetra rhoncus non non eros.', '', '', '2011-11-06 16:44:35', '2011-11-22 10:07:40'),
(23, 'VHS', 9, 1, 24.00, 38.00, 66.00, '409fe0e9247865562c079b8cf5dfdf4a.jpg', 'Aenean facilisis sollicitudin ante eleifend molestie. Curabitur mi turpis, dignissim non egestas a, imperdiet et turpis. Duis massa metus, lacinia interdum tincidunt porttitor, varius sed lectus. Cras a dui dui, vel venenatis dolor. Morbi ac purus eros. Sed sollicitudin, ante ac pulvinar imperdiet, tellus ligula dictum sem, non vestibulum lacus mi sed risus. Sed ac nibh augue. Quisque quis diam id mauris ullamcorper consectetur vel congue dolor. Ut et nunc in justo pharetra rhoncus non non eros.', '', '', '2011-11-06 16:45:03', '2011-11-22 10:07:40'),
(24, 'Diosa', 10, 1, 7.00, 37.00, 91.00, '024d735b0fe9cba0881a8511528e4898.jpg', 'Aenean facilisis sollicitudin ante eleifend molestie. Curabitur mi turpis, dignissim non egestas a, imperdiet et turpis. Duis massa metus, lacinia interdum tincidunt porttitor, varius sed lectus. Cras a dui dui, vel venenatis dolor. Morbi ac purus eros. Sed sollicitudin, ante ac pulvinar imperdiet, tellus ligula dictum sem, non vestibulum lacus mi sed risus. Sed ac nibh augue. Quisque quis diam id mauris ullamcorper consectetur vel congue dolor. Ut et nunc in justo pharetra rhoncus non non eros.', '', '', '2011-11-06 16:45:30', '2011-11-22 10:07:40'),
(25, 'Videojuegos', 10, 1, 25.00, 28.00, 56.00, '95a1160c44338dee7a27a232c459b070.jpg', 'Aenean facilisis sollicitudin ante eleifend molestie. Curabitur mi turpis, dignissim non egestas a, imperdiet et turpis. Duis massa metus, lacinia interdum tincidunt porttitor, varius sed lectus. Cras a dui dui, vel venenatis dolor. Morbi ac purus eros. Sed sollicitudin, ante ac pulvinar imperdiet, tellus ligula dictum sem, non vestibulum lacus mi sed risus. Sed ac nibh augue. Quisque quis diam id mauris ullamcorper consectetur vel congue dolor. Ut et nunc in justo pharetra rhoncus non non eros.', '', '', '2011-11-06 16:45:51', '2011-11-22 10:07:40'),
(26, 'dreams', 3, 1, 8.00, 23.00, 83.00, '28a0f49711e11af7d63536818142eb20.jpg', 'Aenean facilisis sollicitudin ante eleifend molestie. Curabitur mi turpis, dignissim non egestas a, imperdiet et turpis. Duis massa metus, lacinia interdum tincidunt porttitor, varius sed lectus. Cras a dui dui, vel venenatis dolor. Morbi ac purus eros. Sed sollicitudin, ante ac pulvinar imperdiet, tellus ligula dictum sem, non vestibulum lacus mi sed risus. Sed ac nibh augue. Quisque quis diam id mauris ullamcorper consectetur vel congue dolor. Ut et nunc in justo pharetra rhoncus non non eros.', '', '', '2011-11-06 16:46:20', '2011-11-22 10:07:40'),
(28, 'Kobayashi', 3, 1, 3.00, 9.00, 37.00, '3ec751279fbdceca601c44cc6e00e36e.jpg', 'Aenean facilisis sollicitudin ante eleifend molestie. Curabitur mi turpis, dignissim non egestas a, imperdiet et turpis. Duis massa metus, lacinia interdum tincidunt porttitor, varius sed lectus. Cras a dui dui, vel venenatis dolor. Morbi ac purus eros. Sed sollicitudin, ante ac pulvinar imperdiet, tellus ligula dictum sem, non vestibulum lacus mi sed risus. Sed ac nibh augue. Quisque quis diam id mauris ullamcorper consectetur vel congue dolor. Ut et nunc in justo pharetra rhoncus non non eros.', '', '', '2011-11-06 16:46:45', '2011-11-22 10:07:40'),
(29, 'Owl', 3, 1, 21.00, 34.00, 51.00, 'df95053f5a82e2ced75c2ef8ad18d3d6.jpg', 'Aenean facilisis sollicitudin ante eleifend molestie. Curabitur mi turpis, dignissim non egestas a, imperdiet et turpis. Duis massa metus, lacinia interdum tincidunt porttitor, varius sed lectus. Cras a dui dui, vel venenatis dolor. Morbi ac purus eros. Sed sollicitudin, ante ac pulvinar imperdiet, tellus ligula dictum sem, non vestibulum lacus mi sed risus. Sed ac nibh augue. Quisque quis diam id mauris ullamcorper consectetur vel congue dolor. Ut et nunc in justo pharetra rhoncus non non eros.', '', '', '2011-11-06 16:47:05', '2011-11-22 10:07:40'),
(30, 'Russian', 3, 1, 16.00, 39.00, 47.00, '8897a1dcc6d1c32f1cadd9a838a511c8.jpg', 'Aenean facilisis sollicitudin ante eleifend molestie. Curabitur mi turpis, dignissim non egestas a, imperdiet et turpis. Duis massa metus, lacinia interdum tincidunt porttitor, varius sed lectus. Cras a dui dui, vel venenatis dolor. Morbi ac purus eros. Sed sollicitudin, ante ac pulvinar imperdiet, tellus ligula dictum sem, non vestibulum lacus mi sed risus. Sed ac nibh augue. Quisque quis diam id mauris ullamcorper consectetur vel congue dolor. Ut et nunc in justo pharetra rhoncus non non eros.', '', '', '2011-11-06 16:47:28', '2011-11-22 10:07:40'),
(31, 'Surface', 3, 1, 9.00, 18.00, 79.00, '4f022f157b6b4f33775070b2c13d8bd9.jpg', 'Aenean facilisis sollicitudin ante eleifend molestie. Curabitur mi turpis, dignissim non egestas a, imperdiet et turpis. Duis massa metus, lacinia interdum tincidunt porttitor, varius sed lectus. Cras a dui dui, vel venenatis dolor. Morbi ac purus eros. Sed sollicitudin, ante ac pulvinar imperdiet, tellus ligula dictum sem, non vestibulum lacus mi sed risus. Sed ac nibh augue. Quisque quis diam id mauris ullamcorper consectetur vel congue dolor. Ut et nunc in justo pharetra rhoncus non non eros.', '', '', '2011-11-06 16:47:55', '2011-11-22 10:07:40'),
(32, 'Artic', 4, 1, 10.00, 49.00, 73.00, 'bebb63159b5a37aab78202df5f52a259.jpg', 'Aenean facilisis sollicitudin ante eleifend molestie. Curabitur mi turpis, dignissim non egestas a, imperdiet et turpis. Duis massa metus, lacinia interdum tincidunt porttitor, varius sed lectus. Cras a dui dui, vel venenatis dolor. Morbi ac purus eros. Sed sollicitudin, ante ac pulvinar imperdiet, tellus ligula dictum sem, non vestibulum lacus mi sed risus. Sed ac nibh augue. Quisque quis diam id mauris ullamcorper consectetur vel congue dolor. Ut et nunc in justo pharetra rhoncus non non eros.', '', '', '2011-11-06 16:48:19', '2011-11-22 10:07:40'),
(33, 'Falls', 4, 1, 15.00, 31.00, 36.00, 'cbb2836cf5aa1f3feb2231369eff409a.jpg', 'Aenean facilisis sollicitudin ante eleifend molestie. Curabitur mi turpis, dignissim non egestas a, imperdiet et turpis. Duis massa metus, lacinia interdum tincidunt porttitor, varius sed lectus. Cras a dui dui, vel venenatis dolor. Morbi ac purus eros. Sed sollicitudin, ante ac pulvinar imperdiet, tellus ligula dictum sem, non vestibulum lacus mi sed risus. Sed ac nibh augue. Quisque quis diam id mauris ullamcorper consectetur vel congue dolor. Ut et nunc in justo pharetra rhoncus non non eros.', '', '', '2011-11-06 16:48:45', '2011-11-22 10:07:40'),
(34, 'Scotland Again', 4, 1, 22.00, 24.00, 91.00, 'f3388be0212f6218fc6bf7f9cd00e79b.jpg', 'Aenean facilisis sollicitudin ante eleifend molestie. Curabitur mi turpis, dignissim non egestas a, imperdiet et turpis. Duis massa metus, lacinia interdum tincidunt porttitor, varius sed lectus. Cras a dui dui, vel venenatis dolor. Morbi ac purus eros. Sed sollicitudin, ante ac pulvinar imperdiet, tellus ligula dictum sem, non vestibulum lacus mi sed risus. Sed ac nibh augue. Quisque quis diam id mauris ullamcorper consectetur vel congue dolor. Ut et nunc in justo pharetra rhoncus non non eros.', '', '', '2011-11-06 16:49:08', '2011-11-22 10:07:40'),
(35, 'Here Be Monsters', 4, 1, 16.00, 38.00, 62.00, 'b3968769290f90b3f5c5480ba7689b8e.jpg', 'Aenean facilisis sollicitudin ante eleifend molestie. Curabitur mi turpis, dignissim non egestas a, imperdiet et turpis. Duis massa metus, lacinia interdum tincidunt porttitor, varius sed lectus. Cras a dui dui, vel venenatis dolor. Morbi ac purus eros. Sed sollicitudin, ante ac pulvinar imperdiet, tellus ligula dictum sem, non vestibulum lacus mi sed risus. Sed ac nibh augue. Quisque quis diam id mauris ullamcorper consectetur vel congue dolor. Ut et nunc in justo pharetra rhoncus non non eros.', '', '', '2011-11-06 16:49:34', '2011-11-22 10:07:40'),
(36, 'Summer Moths', 4, 1, 18.00, 18.00, 23.00, '312598aa179c998045b56ac968a7d0ac.jpg', 'Aenean facilisis sollicitudin ante eleifend molestie. Curabitur mi turpis, dignissim non egestas a, imperdiet et turpis. Duis massa metus, lacinia interdum tincidunt porttitor, varius sed lectus. Cras a dui dui, vel venenatis dolor. Morbi ac purus eros. Sed sollicitudin, ante ac pulvinar imperdiet, tellus ligula dictum sem, non vestibulum lacus mi sed risus. Sed ac nibh augue. Quisque quis diam id mauris ullamcorper consectetur vel congue dolor. Ut et nunc in justo pharetra rhoncus non non eros.', '', '', '2011-11-06 16:49:55', '2011-11-22 10:07:40'),
(37, 'Beijing Express', 13, 2, 9.00, 37.00, 49.00, 'a17922389b1c8283bb25d3171b38d24e.jpg', 'Cras iaculis magna in dolor venenatis et convallis nulla ultrices. Quisque convallis auctor diam et egestas. Fusce eget nibh felis. Sed ac dolor odio. Praesent lobortis luctus magna, eget sagittis orci laoreet ac. Pellentesque id sapien aliquet enim vehicula gravida sit amet eget arcu. Duis elementum, mi at iaculis facilisis, magna elit aliquet mi, vel fermentum eros ipsum at nibh. Nulla vestibulum purus sed turpis mollis congue. Donec rutrum libero et lacus molestie.', '', '', '2011-11-06 16:50:35', '2011-11-22 10:07:40'),
(38, 'Sunday Morning', 13, 2, 8.00, 35.00, 81.00, '5b7fcffeab8759d760bd46ea15b6b918.jpg', 'Cras iaculis magna in dolor venenatis et convallis nulla ultrices. Quisque convallis auctor diam et egestas. Fusce eget nibh felis. Sed ac dolor odio. Praesent lobortis luctus magna, eget sagittis orci laoreet ac. Pellentesque id sapien aliquet enim vehicula gravida sit amet eget arcu. Duis elementum, mi at iaculis facilisis, magna elit aliquet mi, vel fermentum eros ipsum at nibh. Nulla vestibulum purus sed turpis mollis congue. Donec rutrum libero et lacus molestie.', '', '', '2011-11-06 16:50:57', '2011-11-22 10:07:40'),
(39, 'Besahha!', 6, 2, 3.00, 11.00, 64.00, 'f18be04a5fa893191f63a6ff277b0175.jpg', 'Cras iaculis magna in dolor venenatis et convallis nulla ultrices. Quisque convallis auctor diam et egestas. Fusce eget nibh felis. Sed ac dolor odio. Praesent lobortis luctus magna, eget sagittis orci laoreet ac. Pellentesque id sapien aliquet enim vehicula gravida sit amet eget arcu. Duis elementum, mi at iaculis facilisis, magna elit aliquet mi, vel fermentum eros ipsum at nibh. Nulla vestibulum purus sed turpis mollis congue. Donec rutrum libero et lacus molestie.', '', '', '2011-11-06 16:51:52', '2011-11-22 10:07:40'),
(40, 'Buttes Chaumont', 3, 2, 24.00, 38.00, 72.00, '583e50322d2c6d4501a573842057295c.jpg', 'Cras iaculis magna in dolor venenatis et convallis nulla ultrices. Quisque convallis auctor diam et egestas. Fusce eget nibh felis. Sed ac dolor odio. Praesent lobortis luctus magna, eget sagittis orci laoreet ac. Pellentesque id sapien aliquet enim vehicula gravida sit amet eget arcu. Duis elementum, mi at iaculis facilisis, magna elit aliquet mi, vel fermentum eros ipsum at nibh. Nulla vestibulum purus sed turpis mollis congue. Donec rutrum libero et lacus molestie.', '', '', '2011-11-06 16:52:20', '2011-11-22 10:07:40'),
(41, 'Shanghai', 3, 2, 14.00, 40.00, 93.00, 'ebab25835516d1e782d56b2aeb826fb4.jpg', 'Cras iaculis magna in dolor venenatis et convallis nulla ultrices. Quisque convallis auctor diam et egestas. Fusce eget nibh felis. Sed ac dolor odio. Praesent lobortis luctus magna, eget sagittis orci laoreet ac. Pellentesque id sapien aliquet enim vehicula gravida sit amet eget arcu. Duis elementum, mi at iaculis facilisis, magna elit aliquet mi, vel fermentum eros ipsum at nibh. Nulla vestibulum purus sed turpis mollis congue. Donec rutrum libero et lacus molestie.', '', '', '2011-11-06 16:52:44', '2011-11-22 10:07:40'),
(42, 'Vienna', 3, 2, 3.00, 34.00, 59.00, '82b6f35e9f936e79d7c80fc6b31b2d5b.jpg', 'Cras iaculis magna in dolor venenatis et convallis nulla ultrices. Quisque convallis auctor diam et egestas. Fusce eget nibh felis. Sed ac dolor odio. Praesent lobortis luctus magna, eget sagittis orci laoreet ac. Pellentesque id sapien aliquet enim vehicula gravida sit amet eget arcu. Duis elementum, mi at iaculis facilisis, magna elit aliquet mi, vel fermentum eros ipsum at nibh. Nulla vestibulum purus sed turpis mollis congue. Donec rutrum libero et lacus molestie.', '', '', '2011-11-06 16:53:15', '2011-11-22 10:07:40'),
(43, 'Georgia 1', 14, 2, 18.00, 20.00, 42.00, '7ad0da2e7fea641ef2f01acaec5f25bc.jpg', 'Cras iaculis magna in dolor venenatis et convallis nulla ultrices. Quisque convallis auctor diam et egestas. Fusce eget nibh felis. Sed ac dolor odio. Praesent lobortis luctus magna, eget sagittis orci laoreet ac. Pellentesque id sapien aliquet enim vehicula gravida sit amet eget arcu. Duis elementum, mi at iaculis facilisis, magna elit aliquet mi, vel fermentum eros ipsum at nibh. Nulla vestibulum purus sed turpis mollis congue. Donec rutrum libero et lacus molestie.', '', '', '2011-11-06 16:53:33', '2011-11-22 10:07:40'),
(44, 'Georgia 2', 14, 2, 16.00, 24.00, 47.00, '16cfab06c091241e3a884238c75cd77c.jpg', 'Cras iaculis magna in dolor venenatis et convallis nulla ultrices. Quisque convallis auctor diam et egestas. Fusce eget nibh felis. Sed ac dolor odio. Praesent lobortis luctus magna, eget sagittis orci laoreet ac. Pellentesque id sapien aliquet enim vehicula gravida sit amet eget arcu. Duis elementum, mi at iaculis facilisis, magna elit aliquet mi, vel fermentum eros ipsum at nibh. Nulla vestibulum purus sed turpis mollis congue. Donec rutrum libero et lacus molestie.', '', '', '2011-11-06 16:53:52', '2011-11-22 10:07:40'),
(45, 'Launderette', 14, 2, 21.00, 23.00, 34.00, '3d0e2f55951cba4a3c4777eb322ba5f0.jpg', 'Cras iaculis magna in dolor venenatis et convallis nulla ultrices. Quisque convallis auctor diam et egestas. Fusce eget nibh felis. Sed ac dolor odio. Praesent lobortis luctus magna, eget sagittis orci laoreet ac. Pellentesque id sapien aliquet enim vehicula gravida sit amet eget arcu. Duis elementum, mi at iaculis facilisis, magna elit aliquet mi, vel fermentum eros ipsum at nibh. Nulla vestibulum purus sed turpis mollis congue. Donec rutrum libero et lacus molestie.', '', '', '2011-11-06 16:54:13', '2011-11-22 10:07:40'),
(46, 'Love My Spatula', 14, 2, 17.00, 50.00, 68.00, 'b43f45c8e5cd1bdcc8a5899a47e23fa2.jpg', 'Cras iaculis magna in dolor venenatis et convallis nulla ultrices. Quisque convallis auctor diam et egestas. Fusce eget nibh felis. Sed ac dolor odio. Praesent lobortis luctus magna, eget sagittis orci laoreet ac. Pellentesque id sapien aliquet enim vehicula gravida sit amet eget arcu. Duis elementum, mi at iaculis facilisis, magna elit aliquet mi, vel fermentum eros ipsum at nibh. Nulla vestibulum purus sed turpis mollis congue. Donec rutrum libero et lacus molestie.', '', '', '2011-11-06 16:54:34', '2011-11-22 10:07:40'),
(47, 'Shape 1', 14, 2, 16.00, 49.00, 85.00, '72785d649c4e2fc385827eee30ad0c9e.jpg', 'Cras iaculis magna in dolor venenatis et convallis nulla ultrices. Quisque convallis auctor diam et egestas. Fusce eget nibh felis. Sed ac dolor odio. Praesent lobortis luctus magna, eget sagittis orci laoreet ac. Pellentesque id sapien aliquet enim vehicula gravida sit amet eget arcu. Duis elementum, mi at iaculis facilisis, magna elit aliquet mi, vel fermentum eros ipsum at nibh. Nulla vestibulum purus sed turpis mollis congue. Donec rutrum libero et lacus molestie.', '', '', '2011-11-06 16:54:51', '2011-11-22 10:07:40'),
(48, 'Shape 2', 14, 2, 19.00, 21.00, 55.00, '0bb3d4545a79abf43f75e72edf372864.jpg', 'Cras iaculis magna in dolor venenatis et convallis nulla ultrices. Quisque convallis auctor diam et egestas. Fusce eget nibh felis. Sed ac dolor odio. Praesent lobortis luctus magna, eget sagittis orci laoreet ac. Pellentesque id sapien aliquet enim vehicula gravida sit amet eget arcu. Duis elementum, mi at iaculis facilisis, magna elit aliquet mi, vel fermentum eros ipsum at nibh. Nulla vestibulum purus sed turpis mollis congue. Donec rutrum libero et lacus molestie.', '', '', '2011-11-06 16:54:55', '2011-11-22 10:07:40');

-- --------------------------------------------------------

--
-- Structure de la table `sliders`
--

CREATE TABLE IF NOT EXISTS `sliders` (
  `id` int(2) unsigned NOT NULL AUTO_INCREMENT,
  `link` varchar(150) DEFAULT '#',
  `title` varchar(45) NOT NULL,
  `subtitle` varchar(45) NOT NULL,
  `image` varchar(100) NOT NULL,
  `position` int(2) NOT NULL,
  `created` datetime NOT NULL,
  `modified` datetime NOT NULL,
  PRIMARY KEY (`id`)
) ENGINE=MyISAM  DEFAULT CHARSET=utf8 AUTO_INCREMENT=5 ;

--
-- Contenu de la table `sliders`
--

INSERT INTO `sliders` (`id`, `link`, `title`, `subtitle`, `image`, `position`, `created`, `modified`) VALUES
(1, '#', 'Typist', 'Brian Cook', 'Brian_Cook-Typist.jpg', 2, '2011-09-11 21:25:13', '2011-10-24 12:42:14'),
(2, 'http://untitled.steven-titren.com/dreams-27.html', 'Dreams', 'Faunesque', 'Faunesque-dreams.jpg', 1, '2011-09-11 21:26:12', '2011-11-21 16:15:19'),
(3, '#', 'Buttes Chaumont', 'Philippe Constantinesco', 'Philippe_Constantinesco-Buttes-Chaumont.jpg', 3, '2011-09-11 21:26:34', '2011-10-24 12:42:14'),
(4, '#', 'Summer Moths', 'Rich Gemmell', 'Rich_Gemmell-Summer_Moths.jpg', 4, '2011-09-11 21:26:58', '2011-10-24 12:42:14');
